t of k?
2
Suppose 4*n = -s - 4*s + 34, 24 = 5*n - 3*s. Suppose u - n = 3*k, 3*u + 2*u - 30 = k. Let z = u - 3. What is the units digit of z?
3
What is the thousands digit of 234842/232 - (-1)/(-4)?
1
Suppose 0 = -5*d - 25, 2*d + 2*d = 2*h - 24. Suppose -4*k + 2*k + 2*y - h = 0, 5*k = -4*y + 4. Suppose k*c = 4*c - 20. What is the units digit of c?
5
Let f(o) = o**3 - 37*o**2 - 14*o + 5. What is the tens digit of f(38)?
1
Let z be (1/2)/(7/308). Let a = z - -57. What is the tens digit of a?
7
Let z be 4 + 5/(15/(-24)). Let v(n) = n - 7. Let x be v(z). Let d = x + 19. What is the units digit of d?
8
Suppose -5*p + 12134 = 2*q, 4*q - 4860 = -7*p + 5*p. What is the units digit of p?
6
Suppose 0 = -35*k + 14515 + 11490. What is the hundreds digit of k?
7
Let y be (5 + -6)*-10*7. Suppose 0 = 5*r + y + 45. Let i = r + 62. What is the units digit of i?
9
Let t(n) = -n**3 - 14*n**2 + 5*n - 10. Let s be t(-16). Suppose -4*g = 54 - s. What is the units digit of g?
2
Suppose -5*z - v + 15 = 0, z = 3*z - 4*v - 6. Suppose r - 13 = -z*r + u, 4*r = -u + 11. Suppose -42 = -r*i - 12. What is the tens digit of i?
1
What is the hundreds digit of 495 + 4/(-1 - 3)?
4
Suppose 0*h + m - 882 = -3*h, 0 = 3*m. What is the tens digit of h?
9
Suppose 3*f + t + 395 = -t, -t = 4*f + 530. Let i = f - -193. What is the units digit of i?
0
Let w(l) = -2*l + 12. Let m(d) = -5*d + 11*d - 8*d + 11. Let u(c) = 5*m(c) - 4*w(c). What is the tens digit of u(-8)?
2
Let j(p) = p**2 - 2*p - 15. Let v be (8/2 - -1)/((-3)/6). What is the tens digit of j(v)?
0
Suppose 4*d - 12 = -0*d. Suppose d*k = s + 986, 0 = -3*k + 4*k - 3*s - 334. What is the units digit of k?
8
Suppose -62*n - 24096 = -74*n. What is the units digit of n?
8
Let z(r) be the first derivative of r**4/4 + 8*r**3/3 - 9*r**2/2 - 12*r - 35. What is the units digit of z(-6)?
4
Suppose 0 = -3*s - c + 50, 3*s + 2*c = s + 36. What is the units digit of (-12)/s - 78/(-8)?
9
Let a(d) = 2*d - 3*d - 8 + 24. Let u be a(0). Suppose -u = -l + 5. What is the tens digit of l?
2
Suppose 0 = -13*x + 17*x - 416. Suppose 0 = -2*u + 4*u - 5*l - 111, 3*u + 5*l - x = 0. What is the units digit of u?
3
Let z(m) = -40*m - 310. What is the tens digit of z(-8)?
1
Let b be -2*(189/(-2))/(-9). What is the tens digit of 2188/28 + 3/b?
7
Suppose 76 = 4*y + 5*h, 7*y - 4*h - 95 = 2*y. Suppose 18*o + 147 = y*o. What is the hundreds digit of o?
1
Suppose 7 = -4*i - 17. Let j be -7 + 4 + (i - -1). Let t(a) = -a**2 - 14*a - 15. What is the tens digit of t(j)?
3
Let h(c) = 3*c**3 + 16*c**2 - 17*c + 28. Let s(q) = 10*q**3 + 49*q**2 - 51*q + 85. Let w(x) = 7*h(x) - 2*s(x). What is the tens digit of w(-15)?
5
Suppose -3*m + 15 = 27. Let s(b) = -48*b - 1. Let k be s(m). Suppose -k - 13 = -4*i. What is the tens digit of i?
5
Suppose 5*q - 7*o + 8*o = 66, 0 = 5*q + 5*o - 70. Let n be (10/8)/((-2)/(-16)). Let r = q - n. What is the units digit of r?
3
Let u(c) = 19*c**2 - 5*c. Let p be u(1). What is the units digit of (-16)/p + 1 - (-3132)/21?
9
Suppose -7*h + 18 = -1088. What is the tens digit of h?
5
Let v be 10/(-4)*2*(15 - 16). Suppose 2*a - 3*a - 2*s = -120, 5*a - v*s - 525 = 0. What is the tens digit of a?
1
Suppose 2*z = 6*z + 32. Let c(f) be the second derivative of -f**3 - 19*f**2/2 + 3*f. What is the tens digit of c(z)?
2
Let b(m) = -m**3 + 5*m**2 + 2. Let r be b(5). Let j be (-1)/r*-310 - -2. Suppose 5*x - j = 53. What is the units digit of x?
2
What is the tens digit of (64/20 + -2)*10?
1
Let i be 2 - (-13)/((-39)/(-630)). Suppose i = 5*d + 32. What is the units digit of d?
6
Let k(j) = 43*j**2 + 1. Let z be k(-1). Let s(w) = -w**3 - 4*w**2 + 27*w + 19. Let g be s(-7). Let y = z + g. What is the tens digit of y?
2
Let g(x) be the second derivative of -x**4/12 + 11*x**3/6 + x**2 - x. What is the tens digit of g(9)?
2
Let h be (-2)/(-2)*15/5. Suppose -3*u = -h*z + 2*u + 31, z + 2*u + 8 = 0. Suppose -5*j + 85 = -4*x, -z*x = -3*j - x + 51. What is the tens digit of j?
1
Suppose -q + 3*q - 8 = -h, 4*h - 3*q - 21 = 0. Let n = h - -18. What is the tens digit of n?
2
Let j be (3 - 95/15)/((-4)/30). Let s = 46 - j. What is the tens digit of s?
2
Suppose 8*b - 270 = 5*b + y, 3*y + 450 = 5*b. What is the units digit of b?
0
Let i = -16 + 17. What is the hundreds digit of (-612)/27*(i + 22/(-4))?
1
Let r be -26 + -2 + 1 + -1. Let b = 42 - r. What is the tens digit of b?
7
Let x(o) = 9*o + 3. Let n = 20 - 21. Let c be x(n). Let t = 19 - c. What is the units digit of t?
5
Let b(r) = 5*r - 147. Let z(m) = 11*m - 295. Let h(j) = -13*b(j) + 6*z(j). What is the hundreds digit of h(0)?
1
Let d = -11 + 13. Let q be 1/(d*5/80). Let t(s) = s**3 - 9*s**2 + 10*s - 7. What is the units digit of t(q)?
9
Let v(o) = -27*o + 14. Let f(a) = -a**2. Let q(b) = -2*f(b) + v(b). What is the tens digit of q(14)?
2
What is the units digit of 1/(-1) - 1 - (-14 + -4)?
6
Suppose -z = -5*t - 102, -5*z - 4*t - 175 = -801. Suppose -14*c + z = -620. What is the units digit of c?
3
Suppose 0 = 7*h + 61 + 23. What is the units digit of 3/12 + (-777)/h?
5
Let g(n) = 33*n + 11. What is the units digit of g(5)?
6
Suppose -83 = 5*o + 2*v, -3*o - 26 = 2*v + 23. Let c(u) = u**2 + 11*u - 29. What is the units digit of c(o)?
3
Let f = -17 - -11. Let n = -3 + 11. Let s = f + n. What is the units digit of s?
2
Let q = 8375 - 5085. What is the units digit of q?
0
Suppose 4*b - 2*o - 498 = 0, 148 - 743 = -5*b - 3*o. Let y = b + 85. What is the tens digit of (y/12)/(12/32)?
4
Let l = -19 - -12. Let k = l - -10. Suppose k*u + 6*h - 4*h = 64, 2*h + 2 = 0. What is the tens digit of u?
2
Suppose -s = 4*v + 33 - 14, 4*s - 19 = 3*v. What is the hundreds digit of 226/s + 4 - -4?
2
Let o(y) = y**3 - y**2 + y - 1. Let m(c) = -2*c**3 + c - 1. Let h(u) = -m(u) - 3*o(u). Let g be h(3). What is the units digit of g/(-16) - (-37)/2?
9
Suppose 7*k = 8*k - 995. What is the tens digit of k?
9
Suppose -d + 5*d - 2064 = 3*j, 4*d = 4*j + 2064. What is the hundreds digit of d?
5
What is the tens digit of 55*27/45 - -1?
3
Let a = 769 - -748. What is the thousands digit of a?
1
Let z = 3370 - 1969. What is the thousands digit of z?
1
Let n = 3782 + -420. What is the units digit of n?
2
Let x be 0 - (-2)/((-4)/(-10)). Suppose -x*o + 64 = -f + 3*f, 3*f = -o + 96. Suppose q = 3*q - f. What is the units digit of q?
6
Let u be ((-106)/(-4))/(3/6). Suppose 0 = 5*z - 168 + u. Suppose -4*m + 0*m = 5*j - 118, -j + z = m. What is the units digit of j?
6
Suppose 0 = -8*y - 2136 + 8520. What is the units digit of y?
8
Suppose -23*j = -12*j - 15686. What is the units digit of j?
6
Suppose 228 = -9*s - 906. What is the units digit of 6/((-4)/(-6) - (-66)/s)?
2
What is the hundreds digit of 1/2 + 229544/112?
0
Suppose 14*g = 13*g - o + 605, 4*g - 2400 = o. What is the tens digit of g?
0
Suppose 12*o - 2*o + 1440 = 0. Let p = o + 205. What is the units digit of p?
1
Let m(d) = -d + 34. Let g be m(30). Let i be 1 + (0 + -1)*-24. Suppose g*r - i = 5*y + 112, -y = 2*r - 51. What is the tens digit of r?
2
Let x(i) be the third derivative of -i**6/120 + i**5/5 - 7*i**4/12 + 7*i**3/3 + 20*i**2. What is the units digit of x(7)?
1
Suppose 0 = 2*t - 4*g - 32, -3*g = -2*t + 4*t - 4. Suppose -7*s = -t*s + 94. What is the tens digit of s?
9
Suppose 3980 = 322*d - 320*d. What is the tens digit of d?
9
Suppose 5*j - 5*s - 396 - 539 = 0, 0 = -2*j - 3*s + 389. Suppose 0 = 2*q + 4*x - 410, -2*q - 5*x = -q - j. What is the hundreds digit of q?
2
Let y(j) = -j**3 + 2*j**2 + 3*j - 2. Let q(g) = -g - 3. Let r be q(-5). Let p be y(r). Suppose -27 = -5*h - 3*t + 1, h + 8 = -p*t. What is the units digit of h?
8
Let b(u) = -3*u**3 - 3*u**2 + 6 + 1 - 4*u - 2 - 7. What is the tens digit of b(-3)?
6
Let j = 3828 + -2378. What is the units digit of j?
0
Suppose -4*d + 16 + 0 = 0. What is the tens digit of 75 + d + (1 - 0)?
8
Suppose 4*v + 160 = 5*b, 0*b = b + 3*v - 13. What is the tens digit of 360/b*14/3?
6
Suppose -12*u + 4488 = 12*u. What is the hundreds digit of u?
1
Let s(j) = j**2 - 3*j - 11. Let g be s(5). Let i(b) = -147*b**3 + 2*b**2 - 1. What is the tens digit of i(g)?
4
Suppose -3*u + 475 + 791 = 0. What is the tens digit of u?
2
Suppose 0 = -95*s + 81*s + 43092. What is the hundreds digit of s?
0
Let b be 63/15*(-2 + 15/(-5)). What is the tens digit of (-27)/6*322